he tens digit of o?
2
Let q(n) = n**2 - 4*n + 2. Let u be q(4). Suppose -u*g + 3 = -3. Suppose -15 = -3*d, g*d = -a - d + 48. What is the tens digit of a?
2
Suppose 40*w - 1398 = 37*w. What is the hundreds digit of w?
4
Let j(t) = t**3 + 12*t**2 + 14*t - 9. Let o be ((-52)/4 - -2) + 1. What is the units digit of j(o)?
1
Let z(i) = i**3 - 11*i**2 - 49*i - 8. What is the units digit of z(17)?
3
Suppose -57000 = -384*k + 369*k. What is the hundreds digit of k?
8
Suppose -265 - 1244 = -d. What is the hundreds digit of d?
5
Suppose 3*v = 5*z - 10319, -2 = -2*v + 2. What is the tens digit of z?
6
Let z = 79 - 74. Suppose -3*t = -s - 512 - 17, -5*s + 855 = z*t. What is the units digit of t?
5
Let a = -1403 - -2086. What is the tens digit of a?
8
Let k(v) = -v**2 + 5*v + 18. Let q be k(8). Let a(x) = 2*x**2 + 10*x + 0*x**2 - 7*x - 6. What is the units digit of a(q)?
8
Let l be (-96)/(-42) + 2/(-7). Suppose -3*p - 4*x = -158, l*p + 3*x + 244 = 7*p. What is the units digit of p?
0
Let k(v) = v**2 + 2*v - 3. Let q be k(-4). Suppose -q*c - 2*j = -836, 2*c - 5*j - 347 = -10*j. What is the units digit of c?
6
Suppose 56*w + 160 = 58*w. What is the units digit of w?
0
Let z(a) = -7*a**2 - 2*a. Let u(p) = 7*p**2 + p + 1. Let d(q) = 3*u(q) + 2*z(q). What is the hundreds digit of d(-4)?
1
Suppose 4*b - 305 = -x, -2*b + 7*b - 3*x - 394 = 0. What is the units digit of (-4)/22 - (-476)/b?
6
Suppose -4*c + 2*b = -20, 5*b + 10 + 1 = -3*c. Let p(m) be the second derivative of m**3/6 - m**2 + m. What is the units digit of p(c)?
1
Suppose 0 = -2*x - 4*t - 16, 22 = -4*x + 5*t - 3*t. Let z be (3 - x)/((-3)/3). What is the tens digit of 3/z - (-34)/3?
1
Let u = -320 + 572. Suppose 2*r = 224 + u. What is the tens digit of r?
3
Suppose 2*u + 3*n = 25, -10 = -3*u - 5*n + 30. Suppose -u*m + 260 = -5*p, 4*m - 4*p - 187 = -7*p. What is the tens digit of m?
4
Let m(n) = -n - 3. Let k be m(-6). Suppose 113 = k*h - 70. What is the units digit of h?
1
Suppose 4*z - 5*y = 2968 - 388, 0 = -4*z - 2*y + 2608. What is the hundreds digit of z?
6
Let m(w) = -w**2 + 11*w - 18. Let c be m(12). Let r = c + 53. Suppose r = 2*i - 1. What is the tens digit of i?
1
Let l(h) = -h**2 + 9*h + 3. Let z be l(9). Suppose -72 = -i - 2*b + z*b, -2*b - 6 = 0. Let d = i + -49. What is the units digit of d?
0
Let v be 5 - 0/((-4)/(-1)). Suppose 2*c - 4*j - 37 = -11, 0 = -j + v. What is the units digit of c?
3
Suppose -11*q = -6*q + 20790. Let c be q/(-35) + (-1)/(-5). Suppose -5*g + 2*n + 136 = 0, 2*g - 5*n - c = -2*g. What is the tens digit of g?
2
Suppose 18*l = 1694 + 12148. What is the tens digit of l?
6
Let p(y) = -28*y - 68. Let c be p(-20). Suppose t + 2*f - 247 = 0, t + t + 5*f = c. What is the tens digit of t?
5
Let v(p) = -p**3 - 3*p**2 - 7*p. Let a be v(-5). Let m(x) = x**2 - 12*x - 24. Let s be m(14). Suppose -a = -s*z + 47. What is the tens digit of z?
3
Suppose -112 = -4*h - 24. Suppose 2*w = z - 0*w + h, 0 = -5*z + 4*w - 80. Let l(v) = v**3 + 11*v**2 - 16*v - 17. What is the tens digit of l(z)?
3
Let a(t) = t**3 - 17*t**2 - 26*t + 12. Let c be a(18). Let n = c + 302. What is the hundreds digit of n?
1
Let j(c) = -c**3 - 7*c**2 - 7*c - 6. Let m be j(-6). Suppose 12*v - 708 = -m*v. What is the tens digit of v?
5
Suppose 428 + 2200 = 9*f. What is the tens digit of (4/(4/3))/(12/f)?
7
Let m = -29 + 15. Let q be (-32)/3*18/(-8). Let v = q + m. What is the tens digit of v?
1
Let v(h) = -h - 10. Let l(o) be the third derivative of -o**3/6 - 4*o**2. Let w(y) = -3*l(y) - v(y). What is the units digit of w(-10)?
3
Suppose -4*c + 0*c = -3*x - 35, -5*c + 2*x = -35. Suppose 5*g + 235 = c*a, g + 137 = 3*a - 4*g. What is the units digit of a?
9
Let i(m) = m**2 + 8*m - 6. Let h = 14 - 23. Let w be i(h). Suppose a = 4*a, -5*o = -w*a - 130. What is the tens digit of o?
2
Suppose k = 3*b + 38, -3*k + 0*b - 2*b = -103. Let d = 33 + k. Let o = d - 42. What is the tens digit of o?
2
Suppose 2*d + 6*q = 2*q + 16, -4*d = 2*q - 20. Let o(l) be the third derivative of l**5/60 + l**4/8 - 2*l**3/3 - 3*l**2. What is the units digit of o(d)?
4
Suppose 43*o = 48*o - 695. What is the units digit of o?
9
Suppose -3*t = 5*y - 12, y - 2*t - 5 + 0 = 0. Let a be (0 - 40) + -3 + y. Let v = -29 - a. What is the tens digit of v?
1
Suppose -24198 = -10*u - 3778. What is the hundreds digit of u?
0
Let f = 1047 - 521. What is the tens digit of f?
2
Let g(j) = 3*j**2 - 58*j - 8. What is the tens digit of g(20)?
3
What is the tens digit of (44825/326)/(-2 + 42/20)?
7
Suppose r - 332 = -5*f, -r = -f - 243 - 95. What is the units digit of r?
7
Suppose 7*t - 1438 = 5954. What is the units digit of t?
6
Let v = -211 + 745. What is the tens digit of v?
3
Let n be (46/(-8))/(2/(-8)). Let b = n - 31. What is the units digit of (-8)/(-2) + b - -46?
2
Let h(c) = 42*c. Suppose -5*i - 20 = 5*v, 4*v + 11 + 14 = 5*i. What is the units digit of h(i)?
2
Let w = -2 - -38. Suppose w*k = 39*k - 165. What is the tens digit of k?
5
Let r = 6 - 4. Let i = 466 + -457. What is the tens digit of 25 + r + i/3?
3
Let t(p) = p**2 - 16*p + 69. What is the hundreds digit of t(24)?
2
Let u = -2 + -6. Let z be (u/(-6))/(20/(-30)). What is the tens digit of ((-1)/z)/(3/204)?
3
Suppose 15*z - 155 = 1315. What is the tens digit of z?
9
Let j(c) = -c**3 + c**2 + 4*c + 3. Let k be j(-3). Let m = 94 - k. What is the units digit of m?
7
Let c be 6/(-18) + (-6842)/(-6) + 0. Suppose -c - 366 = -6*x. What is the hundreds digit of x?
2
Suppose h - 4*t + 2760 = 5*h, 0 = -h - 5*t + 694. What is the hundreds digit of h?
6
Suppose i = 4*i + 6. What is the tens digit of (-11*1)/(i/6)?
3
Let j be (3 - 1)*(-552)/(-16). Let f be 2 + 0 - (3 - 1). Suppose 3*q = -f*q + j. What is the tens digit of q?
2
What is the units digit of (-4 + 1 + 6)/((-3)/(-1274))?
4
Let k(y) = 3*y**2 - y + 1. Let m be k(1). Suppose -5*u - m = -18. Suppose u = g - 1. What is the units digit of g?
4
Let v(q) = -6*q**2 - 5*q - 4. Let a(n) = -7*n**2 - 5*n - 4. Let u(b) = -5*a(b) + 6*v(b). Let s be u(-3). What is the units digit of -14*(-3 - (-1)/s)?
5
Let r(t) = -37*t + 70. What is the units digit of r(-5)?
5
Suppose 4*m = -4*p + 3092, -1279 = -4*p - m + 1798. What is the hundreds digit of p?
7
Suppose -3*h - 4*r + 1142 = -0*r, 0 = 2*h + r - 753. What is the hundreds digit of h?
3
Let i = -111 + 111. Suppose -o - 2*j + 30 = i, 2*o + 2*j - 55 = 3*j. What is the tens digit of o?
2
Let x be (-6)/12*10/(-1). Let a(f) be the second derivative of 2*f**3/3 + 5*f**2/2 + f. What is the tens digit of a(x)?
2
Let j = 309 - 424. Let y be (82/3)/(1/(-3)). Let z = y - j. What is the units digit of z?
3
Suppose 0 = -13*g - 3296 + 3452. What is the units digit of g?
2
Suppose -16877 - 14310 = -13*a. What is the units digit of a?
9
Let m(k) = -k**3 + 5*k**2 - 3*k + 7. Let q be m(5). Let b be 157/(-4) + (-2)/q. Let n = -28 - b. What is the units digit of n?
1
Suppose -437 = -y + 93. What is the hundreds digit of y?
5
Suppose 0 = 5*d - 1065 - 1465. What is the tens digit of d?
0
Suppose -2*u + 427 = 2*x + 71, -4*x + 891 = 5*u. What is the units digit of u + 0 + -4 + 1?
6
Let j be (3/2)/(2/(-12)). Let h = 24 - 7. Let a = j + h. What is the units digit of a?
8
Let g(c) = 48*c**2 - 2*c + 2. Suppose 16 = 2*z - 2*i, 4*z = 3*i - 14 + 41. Suppose -z*o - 12 = -15. What is the tens digit of g(o)?
4
Suppose -9*i = -2*i - 2772. Suppose 2*w + 9*w - i = 0. What is the units digit of w?
6
Suppose 4*l + f = 1, 2*f - 5 = -2*l - 3*f. Let u(t) = t**3 - 7*t**2 + 3*t - 6. Let j be u(7). Suppose -2*i - j + 91 = l. What is the tens digit of i?
3
Let b be -4*4/(-8) + 3. Let q(v) = -2 + 10*v - b*v + v. What is the tens digit of q(3)?
1
Let z(p) = -8*p - 14. Let l be (-54)/12*(-8)/(-12). What is the units digit of z(l)?
0
What is the units digit of -3*(4/(-16))/((-21)/(-27160))?
0
Suppose -1331 = -k + 2*s, -2*s = 2*k + 1311 - 3967. What is the tens digit of k?
2
Let m be 1 + -2*9/6 - -16. Suppose 0 = 5*c + 10, 4*n - 12 = c + m. What is the units digit of n?
6
Let z(s) = -27*s - 540. What is the tens digit of z(-21)?
2
Let d(v) = -v**3 + 6*v**2 + 14*v - 14. What is the units digit of d(7)?
5
Suppose -238 + 84 = -14*o. Suppose o*r - 430 = 6*r. What is the tens digit of r?
8
Let f(l) = 4*l + 52. Let q(y) = y + 13. Let p(o) = -2*f(o) + 9*q(o). What is the u